-34 = 3*f - 5*q. Let u = -8 - f. What is the units digit of u?
5
What is the hundreds digit of ((-10)/(-10))/(0 - 1/(-186))?
1
What is the units digit of (-754)/39*3/(-2)?
9
Suppose 0 = 2*d - 60 - 50. What is the units digit of d?
5
Let y = -9 - -13. Suppose -6*t + y*t = -12. What is the units digit of (t/(-4))/((-3)/16)?
8
Let d = -8 - -9. What is the units digit of 6 + (d - 2)*-2?
8
Suppose 2*v = 5*k - 2*v - 480, k + 5*v - 125 = 0. What is the tens digit of k?
0
What is the units digit of 2/4*124/1?
2
Let p be 11/(-3) + (-8)/(-12). Let r = p + 8. Suppose 4*m + 0*m + 4 = -2*j, j - r*m - 26 = 0. What is the units digit of j?
6
Suppose -3*h + o + 81 = 0, 0 = 2*h + 2*h + 2*o - 108. Let a = h - 19. What is the units digit of a?
8
Let r = -127 + 351. What is the tens digit of r?
2
Let d = 435 - 299. What is the tens digit of d?
3
Let h(v) = 4*v**3 + 2*v**2 - 3*v. What is the units digit of h(3)?
7
Suppose 5*p = -z + 23, -5*z - p = -0*p + 5. Let u = 1 - z. What is the units digit of u?
3
Let t = -45 + 83. What is the units digit of t?
8
What is the units digit of (0 + 36/7)*7?
6
Suppose -4*l - f = -25, -7*f + 2*f = -2*l - 15. What is the units digit of l?
5
Let d(j) = j**3 - 6*j**2 - 11*j + 14. What is the units digit of d(8)?
4
Let t(f) = 19*f - 9. What is the tens digit of t(7)?
2
Let t(f) = f**2 + 13*f - 6. Let n be (-2)/(0 - 2/(-11)). Let s be t(n). Let x = 42 + s. What is the tens digit of x?
1
Suppose -x - 6 = 2*x. What is the units digit of x/(2*-3)*39?
3
Let j = -19 - -31. Let m(d) = -d**3 + 12*d**2 - 6. Let z be m(j). Let x = z - -8. What is the units digit of x?
2
Suppose 4*j - 25 = 27. Let y = 123 - j. What is the units digit of (-3)/4 + y/8?
3
Suppose -s + 4*l = -4*s + 34, 0 = l - 4. Suppose -5*f - 1 = -s*f. What is the units digit of f?
1
Suppose -162 = -2*c + 2*j, 5*j = 17 + 3. What is the tens digit of c?
8
Let m = 8 - 6. Suppose 0*i = -m*i + 8. What is the units digit of i?
4
Let a = 8 - 8. Suppose a = -2*c + 5*c - 12. Suppose -6 - 20 = -2*r + c*u, -4*u - 29 = -3*r. What is the units digit of r?
3
Suppose -4*l - 4*y + 192 = -288, y = l - 120. Suppose 3*s + 3*u - l = 0, -4*s - 5*u + 163 = -1. What is the units digit of s?
6
Suppose 0 = -v - 0*v. Suppose 2*j - 4 = -v. Suppose -3*w + 21 = j*f, 2*f + f = -3*w + 24. What is the units digit of f?
3
Suppose 10 = -5*j + 2*j - 2*w, -j = -5*w - 25. Suppose -z - 4*p + 8 = j, 3*z - 4*p = 25 + 15. What is the units digit of z?
2
Let w = 0 - -2. Suppose 5 = -w*o - 3*o. What is the units digit of o - (-2)/3*3?
1
Let n(c) = -c**2 + 2*c. Let h be n(2). Suppose h - 1 = -a. Suppose i - 3 = a. What is the units digit of i?
4
Let n(q) = q - 7. Let m be n(10). Suppose 5*i + 2*c - 10 = m*c, -i + 4*c + 2 = 0. What is the units digit of i?
2
Let m be -1 + 6 - (-1 + -1). Let f = -4 + m. What is the units digit of f?
3
Let i = 26 - 44. Let o be 4/18 - (-220)/i. Let x = o - -18. What is the units digit of x?
6
Suppose 4*l = 2*t - 2 + 6, -t = l - 10. Let p = 6 + -5. Suppose -t = -d - p. What is the units digit of d?
5
Let w be 3/(-5) + (-172)/(-20). Let q(t) = 11 - t**3 - 2*t**2 - w*t**2 + 0*t**3. What is the units digit of q(-10)?
1
Suppose -3*v + 106 + 74 = 0. Suppose 3*d = 5*d - v. What is the units digit of (d/(-25))/(2/(-15))?
9
Suppose 3*j = 2*u - 173, 3*u - j - 222 = -4*j. What is the units digit of u?
9
Suppose -4*k + 0*k = -2*b + 16, 20 = -5*k. Suppose -5*l = -b - 40. Suppose -o = o - l. What is the units digit of o?
4
Let n(v) = -24*v + 9. Let x be n(4). Let r = x - -129. What is the units digit of r?
2
Let a(b) = b - 4. Let r be a(4). Suppose r = -3*v + v. Suppose 2*i - 2*t = -5*t + 10, v = 4*i - 5*t - 42. What is the units digit of i?
8
Suppose -4*n = -2*l - 0*n + 138, -2*l - 3*n + 117 = 0. What is the units digit of l?
3
Let d = -7 - -13. What is the units digit of d?
6
Suppose 3*n - 21 = -3*j, 3*n - 2 = -j + 9. Suppose -21 - 59 = -j*i. Suppose 1 - i = -s. What is the units digit of s?
5
What is the tens digit of (-170)/(-8) + (-6)/24?
2
Let n = -1 - -6. Suppose 11 + 3 = 2*q. Suppose n*w + q*p - 2*p = 30, 0 = 4*w + p - 27. What is the units digit of w?
7
Let z = -365 - -531. Suppose -5*f - 86 = -3*t, 3*t - 3*f = 8*t - z. What is the tens digit of t?
3
Let j(x) = x. Let a(o) = -o**2 - 1. Let i(w) = -a(w) - 3*j(w). Let g be 2/(-7) - 30/(-7). What is the units digit of i(g)?
5
Let q be -27*(12/(-9))/4. Let a = q + -4. What is the units digit of a?
5
Suppose 5*d + 37 = 162. What is the units digit of d?
5
Suppose -3*c + 3*r + 81 = 0, -3*r = -4*c - 2*r + 120. Suppose c = o - 0*o. Suppose -2*s + 33 = -0*s - 3*w, -w + o = 4*s. What is the units digit of s?
9
What is the units digit of (-6)/(-10) + 4 + (-1028)/(-20)?
6
Let x(v) = 2*v**2 - 14*v - 22. What is the units digit of x(13)?
4
Let p be (-371)/(-35) - 3/5. Suppose p - 30 = -i. What is the tens digit of i?
2
Suppose -2*f - 2*p = -3 - 1, 0 = -3*f - p + 14. Let j(l) = l**3 - 6*l**2 + 5*l + 8. What is the tens digit of j(f)?
3
Let n be ((-44)/(-5))/(2/(-10)). Let f = -18 - n. What is the tens digit of f?
2
Suppose 6*l = -3 + 135. Let q = l + -10. What is the tens digit of q?
1
Let f = 144 - 48. What is the units digit of f?
6
Let u be 1*(0 - -2)*1. What is the tens digit of 20 - (-1 - u) - -1?
2
Let l(j) = j**3 - 10*j**2 - 10*j - 9. Let m be l(11). Suppose -4*x = -m - 14. What is the units digit of x?
4
Suppose 3*m = m + 4, -4*m = -5*i + 17. Suppose i*f + 2*o = 31, 0*f = -f + 2*o - 1. Suppose 42 + 8 = f*q. What is the tens digit of q?
1
Suppose -2*c + 5*c = -2*z + 102, 34 = c + 5*z. What is the units digit of c?
4
Suppose 3*t = 5*t - 74. Let g = t + -25. What is the tens digit of g?
1
Suppose 7 = u - 0. Let n = u + -3. Let d = 6 - n. What is the units digit of d?
2
Suppose h = 68 - 19. Suppose 3*j - h - 8 = 0. What is the units digit of j?
9
Suppose -4*b = -b + 5*g - 19, 2*g - 4 = 0. Suppose -25 = 2*f - b*f. Let s = 37 - f. What is the units digit of s?
2
Let z = -14 + 22. Suppose z = 4*g - 12. Suppose l + 45 = g*j, 3*j - l - 14 = -3*l. What is the units digit of j?
8
Suppose 0 = g + 3*i - 6, g - 3*g - 5*i = -10. Suppose 3*d - 18 - 12 = g. What is the units digit of d?
0
Let y(g) = g - 2. Let x be y(8). Let u = 8 - x. Suppose 2*b - 11 = -2*z + 1, -3*b = -z - u. What is the units digit of z?
4
Suppose 0 = 6*g - 2*g + 8. Let b = g + 5. Suppose 0 = -b*y + 2*q + 12, 4*y + 8*q - 3*q = 16. What is the units digit of y?
4
Suppose r - 10 = -0. Let t(a) = a**3 - 17*a**2 + 5*a - 14. Let f(u) = u**3 - 18*u**2 + 4*u - 15. Let b(l) = -6*f(l) + 7*t(l). What is the units digit of b(r)?
2
Suppose 0 = 3*x - 7*x + 8. Suppose 13 + 11 = x*p. What is the units digit of p?
2
Let f = 309 + -166. What is the units digit of f?
3
Let r(d) = d + 95. What is the units digit of r(0)?
5
Suppose -2*y = -7*y + 120. Let r = -5 + y. What is the tens digit of r?
1
Let t(n) = n + 5. Let v(b) = b - 1. Let g(q) = t(q) - 2*v(q). Let i be 1*0/(3 + -1). What is the units digit of g(i)?
7
Let d be (-8)/(-20)*(12 + -2). Suppose y - 150 = -d*y. What is the units digit of y?
0
Let q(a) = 191*a**3 - 2*a**2 + a - 2. What is the units digit of q(1)?
8
Let k = 138 - 82. What is the units digit of k?
6
Let n(i) = 11*i**2 - 3*i. Let q be n(2). Suppose -2*h + 26 = 5*f, 5*h = -f - q + 149. What is the tens digit of h?
2
Let m = 124 + -34. Suppose -5*s = -0*s - m. What is the units digit of s?
8
What is the tens digit of (-8)/12 + (-2296)/(-6)?
8
Suppose -2*p + 13 = 1. Let s(q) = q**3 - 5*q**2 - 2*q + 4. What is the tens digit of s(p)?
2
Let k(f) = -f - 1. Let c be k(-6). Suppose 0 = c*y - z - z - 108, 3*z = -y + 25. What is the tens digit of y?
2
Let d = 9 + -4. Let a = 2 + 0. Suppose -q + a + d = 0. What is the units digit of q?
7
Let a(t) = t**2 + 8*t - 3. Let g be a(-10). Suppose g - 65 = -4*x. What is the tens digit of x?
1
Suppose -4*f - f + 5*n - 20 = 0, -3*f - 4*n = 33. Let r = f + 34. What is the units digit of r?
7
Let q be (2 - 0)*-1 - 3. Let f = 0 - q. Let s = 9 - f. What is the units digit of s?
4
Let z(l) = 8*l - 62. What is the hundreds digit of z(22)?
1
Suppose -g - 12 = 2*w + 3*g, -w - 21 = 5*g. Suppose 3*c - 2*y + 20 = w, 5*y - 10 = 0. Let o(n) = -n + 5. What is the units digit of o(c)?
9
Let b(p) = -p**3 - 7*p**2 + 6*p + 7. Let w be b(-8). Suppose -3*i + 4*u - 20 = 0, 3*i + w = u - 